6)/9 - (-52)/x*64?
2, 3, 23
Suppose -17*h + 48 = -20. Suppose 465 = u + h*n - 0*n, -3*u - n = -1450. What are the prime factors of u?
5, 97
Suppose -250 = 6*r - 11*r. Let b = 1119 - r. List the prime factors of b.
1069
Suppose 8*a - 1170 = 334. Suppose 193*k = a*k + 3190. List the prime factors of k.
2, 11, 29
Let y(d) = -d**3 - 7*d**2 + 7*d - 8. Let k be y(-8). Suppose k = 5*o + 25, 2*i - 3*i + 3*o + 323 = 0. Suppose -i = -5*a + 152. What are the prime factors of a?
2, 23
Let h(w) = 161*w**2 + 69*w + 383. List the prime factors of h(-6).
5, 1153
What are the prime factors of 0 - -12 - (-1192482)/54?
3, 5, 491
What are the prime factors of ((-162952)/36*-1)/(109/981)?
2, 20369
What are the prime factors of 8 + (9 - 15) + 7937 + (2 - 0)?
3, 2647
Suppose 14*l - 25010 + 9260 = 0. Suppose -l = -0*i - 9*i. What are the prime factors of i?
5
List the prime factors of (-25)/30 + 89125/30.
2, 3, 5, 11
Let u = 775 + -274. Let i = u + -52. List the prime factors of i.
449
Let t = 51 - 29. Suppose 4*u = 16, 6*u = 5*w + 2*u - 1684. Suppose -4*v + w = -5*c - t, 2*c = 4*v - 356. What are the prime factors of v?
2, 11
Let a(i) = -3*i + 29. Let m be a(10). List the prime factors of -6 - m - 0 - -388.
383
Suppose 0 = 3*m + m + 172. Let y = m - -41. List the prime factors of ((-3)/3)/(y/110).
5, 11
Let g(m) be the third derivative of m**6/40 - 3*m**5/20 - m**4/12 - 25*m**3/6 + 51*m**2 - 1. List the prime factors of g(8).
919
Let t be (-2)/(4 + -6 + 3). What are the prime factors of 131/((-7)/(-23 - t))?
3, 131
Suppose 0 = 3*t - 4*f - 17939, 0 = 4*t - 2*t + 2*f - 11936. What are the prime factors of t?
3, 11, 181
Suppose -315 + 5807 = 4*f. Let w = -809 + f. List the prime factors of w.
2, 3, 47
What are the prime factors of -1 + 186440/36 + (-33)/(-297)?
2, 3, 863
Let q = -5882 + 10038. List the prime factors of q.
2, 1039
Let a be (-591)/(-2)*8/12. Let u = a + -101. Suppose 4*c + 29 = o, o + 3*c = 4*o - u. What are the prime factors of o?
3, 11
Let f(i) = -i**2 + 3*i + 3. Let a be f(3). Let j be 48/(0 + a) + -3. Let r(u) = u**2 - 8*u + 19. List the prime factors of r(j).
2, 3, 7
Suppose 46 + 14 = -6*g. Let q be (90/25 - 4)*g. Suppose 63 = 3*b + q*w, 4*b - 5*w - 78 - 6 = 0. List the prime factors of b.
3, 7
Suppose g = 4*k - 45975, -3*k - 111*g + 34483 = -110*g. What are the prime factors of k?
2, 7, 821
Suppose 4*d = 756 + 17552. What are the prime factors of d?
23, 199
Suppose 2*l + 108 = 4*l - 2*h, 4*h = -3*l + 176. Suppose -22*d + 488 = 3*c - 18*d, 3*d = 2*c - 314. Let u = c + l. List the prime factors of u.
2, 3
Suppose 0 = m - 1448 - 1732. What are the prime factors of m?
2, 3, 5, 53
Let k = 314 - 215. Let h(o) = -k + 7*o - 3*o**2 + 92 + 7*o**2 + 7*o. List the prime factors of h(-6).
53
Let q be (1 - -2)*1 + -1*1. Let k be (2 - q) + 0/(-3). List the prime factors of ((-25)/10)/((-2)/28 + k).
5, 7
Let q be 4 + (-66 - (-8 - -5)). Let m = -231 + q. List the prime factors of 1/((-3)/m) - 24/36.
2, 3
Let s = 15079 - 10450. List the prime factors of s.
3, 1543
Suppose 4*z + 4*s + 2828 = 0, -3*z + z - 1411 = 3*s. Let r be 10/15 - z/6. Suppose -3*g + r = -112. List the prime factors of g.
7, 11
Let a(b) = -4*b + 4*b + 102*b**2 + 1 - 9*b**2 - 2*b. Let k(y) = -y**2 + 5*y + 25. Let j be k(-3). List the prime factors of a(j).
2, 23
Suppose -3*y = 2*p - 9, -2*p + 3*y = -47 + 8. Suppose -p*m = -9*m + j - 334, -5*m + j + 546 = 0. List the prime factors of m + -3*(-2 - -3).
107
Let p = 81596 + -57566. What are the prime factors of p?
2, 3, 5, 89
Suppose 5*d - 2 + 0 = -2*f, -2*f + 5*d + 22 = 0. Let t be -10 + f - (2 - 6). Suppose -70*u + 74*u - 408 = t. What are the prime factors of u?
2, 3, 17
Let g be 4 + (-2 - 3 - -3). Let y be (-4873)/(-22) - (-1)/g. Suppose 3*v + 2*s - y = 0, 7*s - 3*s + 88 = v. What are the prime factors of v?
2, 19
Suppose 5*j - 472 = -3*j. Suppose j*g - 54*g + 3*a = 5262, 2*g + a = 2105. What are the prime factors of g?
3, 13
Suppose 5*z - 29660 = 4*d + 11794, 3*d = -11*z + 91128. List the prime factors of z.
2, 3, 1381
Let h(v) = -v**2 + v + 27. Let g be h(8). Let j = -370 - g. What are the prime factors of 2/6 + j/(-3)?
2, 3, 19
Let x be -8*(-4)/(-12)*-15. Let i = 413 + x. Let g = i + -285. List the prime factors of g.
2, 3, 7
Let a be ((-40)/(-25))/(8/20) - -1396. Let k = -668 + a. What are the prime factors of k?
2, 3, 61
Let k(s) = -2*s + 1. Let o be k(1). Suppose -7 - 123 = -13*l. Let w = l - o. What are the prime factors of w?
11
What are the prime factors of 207972/24 + 115/46?
2, 11, 197
List the prime factors of -2*9/12 - 129138/(-12).
2, 5, 269
Let w(m) = -96*m**2 - 4*m + 5. Let q be w(5). List the prime factors of q/(-12) + 39/52.
2, 101
Let g(f) = -814*f - 7293. What are the prime factors of g(-19)?
11, 743
Let b(u) = 2*u + 13. Let j be b(-3). Suppose -j*v + 19 = -9. Suppose v*l = 138 + 338. What are the prime factors of l?
7, 17
Suppose -31*m = -33*m. Suppose m = -5*f - 6 + 51. Let t(a) = 14*a + 6. What are the prime factors of t(f)?
2, 3, 11
Let n = -531 - -2036. List the prime factors of n.
5, 7, 43
Let b(a) = -2111*a + 586. What are the prime factors of b(-19)?
3, 5, 2713
Let y(v) be the first derivative of 1/3*v**3 + 34 - 27*v - 5/2*v**2. What are the prime factors of y(14)?
3, 11
Let y = -61 + 80. Suppose y*o + 336 = 25*o. Suppose 3*l = o + 10. List the prime factors of l.
2, 11
Suppose 4*h - 81 = -5. Suppose -u + h = -2*s, -2*s + u + 25 = -4*s. Let o = s - -99. What are the prime factors of o?
2, 11
Let m(q) = 3 + 0 + 3*q + q - 6. Let h be m(1). What are the prime factors of (48/(-20))/(h/(-40))?
2, 3
Let v = 23 - 19. Suppose -v*l = y, 2*l = -0*l - 2*y. Suppose l*c = o + c - 14, 10 = 2*c. List the prime factors of o.
3
Let m(s) = -s**2 + 15*s + 46. Let z be m(-3). Let d be 3 + 9 + (2 - 5). What are the prime factors of 4 + 534/d - z/(-6)?
2, 31
Suppose 41767 = -24*b + 221311. What are the prime factors of b?
7481
Suppose b - 26 = -3*b - 2*z, 2*b + 2*z = 18. List the prime factors of b + -5 - (5 - 163).
157
Let i = -130 - -101. List the prime factors of 204/8*(-6)/9*i.
17, 29
Suppose 9*d - 67524 - 254065 = 120131. List the prime factors of d.
2, 3, 5, 409
Suppose 2*i + 2*v = 6*i - 1182, 5*i - 1480 = 3*v. Let n = 83 - i. Let z = -18 - n. List the prime factors of z.
2, 3
Let t = 564 - 553. Let a(f) = 89*f + 86. What are the prime factors of a(t)?
3, 5, 71
Let b be -2*((-882)/12 - -3). Suppose -1093 = -2*x - t, -3*t - 956 = -2*x + b. What are the prime factors of x?
547
Let c(q) = 1. Let z(s) = s + 32. Let t(y) = -3*c(y) + z(y). Let d be t(-7). Let l = 105 - d. List the prime factors of l.
83
Suppose 491 = -5*v + m + 1868, 1369 = 5*v + 3*m. List the prime factors of v.
5, 11
Suppose -4*s - 46252 + 174666 = -w, -5*s = -5*w - 160525. What are the prime factors of s?
3, 29, 41
Suppose 0 = 26*v - 2300 - 2120. Let d = -35 + v. List the prime factors of d.
3, 5
Let b(c) = -c**2 - 14*c - 30. Let y be b(-6). Suppose -4*h - y*i + 6340 = -16*i, 4*i = -4*h + 6344. What are the prime factors of h?
2, 3, 11
Let a(w) = w**3 + 8*w**2 + 15*w + 20. Let h be a(-6). What are the prime factors of 7/14 - (-139)/h?
2, 5, 7
Let t = -228 - -231. Suppose -2910 = -9*g + t*g. What are the prime factors of g?
5, 97
Suppose -2*m - 111 = -5*m. Let b = m + -33. Suppose -5*t + 425 = b*i, 98 = 3*t - 2*i - 179. What are the prime factors of t?
89
Suppose m = 31*m - 304350. List the prime factors of m.
5, 2029
Let d(c) = 161*c**2 + 489*c - 12. What are the prime factors of d(-8)?
2, 5, 11, 29
Suppose -47*j = -42*j + 540. Let h be (-1)/((-1)/(-4) + 15/j). What are the prime factors of (h/6)/((-6)/524)?
131
Let m be 5 - (-4 - -4) - 17. What are the prime factors of m/10*2910/(-9)?
2, 97
Suppose -4*z + 5*q = -1964, 2*q - 394 - 1570 = -4*z. Let h = -193 + z. List the prime factors of h.
2, 149
Let s(z) = z**2 + 11*z + 13. Let v = 16 - 26. Let t be s(v). Suppose 2*h - b = 185, -h + 94 = -t*b + b. List the prime factors of h.
2, 23
Suppose -134 = 4*y - 3*y. Let m = y + 212. What are the prime factors of (-16 - -14) + -1 + m?
3, 5
Let b(q) = 12*q**2 + 4*q - 18. Let z(p) = 2*p**2 + 19*p + 3. Let y be z(-9). What are the prime factors of b(y)?
2, 3, 5, 13
Let q(b) = -b**3 + 7*b**2 + 6*b - 19. Let o(r) = 3*r + 23. Let f be o(-6). What are the prime factors of q(f)?
61
Su